hat are the prime factors of 120432484?
2, 37, 97, 8389
What are the prime factors of 436753702?
2, 7, 11, 1117, 2539
What are the prime factors of 560919034?
2, 13, 53, 61, 6673
What are the prime factors of 31555050?
2, 3, 5, 211, 997
What are the prime factors of 588814567?
11, 17, 3148741
What are the prime factors of 35544987?
3, 438827
What are the prime factors of 45665101?
5171, 8831
List the prime factors of 38924090.
2, 5, 29, 79, 1699
What are the prime factors of 9518522?
2, 13, 366097
What are the prime factors of 245772769?
11, 683, 32713
What are the prime factors of 2324830971?
3, 17, 5641, 8081
List the prime factors of 531013344.
2, 3, 37, 149497
List the prime factors of 1329615136.
2, 19, 109, 20063
List the prime factors of 7053214338.
2, 3, 41, 83, 113, 1019
List the prime factors of 286446071.
19, 23, 347, 1889
What are the prime factors of 1655161159?
71, 2647, 8807
List the prime factors of 4812259968.
2, 3, 4177309
What are the prime factors of 161262662?
2, 11, 7330121
List the prime factors of 53427372.
2, 3, 331, 13451
List the prime factors of 90780896.
2, 31, 91513
What are the prime factors of 512805380?
2, 5, 25640269
List the prime factors of 191908046.
2, 11, 467, 18679
What are the prime factors of 16945851?
3, 13, 434509
What are the prime factors of 48582933?
3, 7, 281, 8233
What are the prime factors of 2011903022?
2, 1217, 826583
What are the prime factors of 618109172?
2, 154527293
What are the prime factors of 1895471760?
2, 3, 5, 7, 13, 59, 1471
List the prime factors of 127947035.
5, 53, 482819
List the prime factors of 3592931606.
2, 11, 17, 2243, 4283
What are the prime factors of 2173300767?
3, 11, 7317511
List the prime factors of 231182085.
3, 5, 23, 163, 4111
What are the prime factors of 817053998?
2, 19, 89, 241589
List the prime factors of 297261965.
5, 7, 11, 13, 59393
What are the prime factors of 25220719?
23, 1096553
List the prime factors of 85855055.
5, 11, 13, 120077
What are the prime factors of 60572556?
2, 3, 11, 67, 761
What are the prime factors of 95224329?
3, 107, 10987
What are the prime factors of 5441771788?
2, 1360442947
List the prime factors of 150504105.
3, 5, 47, 213481
List the prime factors of 1615452266.
2, 807726133
What are the prime factors of 4464144316?
2, 19, 4657, 12613
List the prime factors of 845420574.
2, 3, 17, 41, 113, 1789
List the prime factors of 328359621.
3, 73, 1499359
What are the prime factors of 7204426164?
2, 3, 13, 31, 496583
What are the prime factors of 207568882?
2, 19, 23, 53, 4481
List the prime factors of 5353272751.
4397, 1217483
List the prime factors of 379859292.
2, 3, 10551647
What are the prime factors of 142065326?
2, 13, 67, 81553
What are the prime factors of 169581047?
23, 881, 8369
List the prime factors of 1410292974.
2, 3, 19, 12370991
What are the prime factors of 152012341?
13, 509, 22973
List the prime factors of 45121877.
79, 571163
List the prime factors of 13000961.
29, 448309
List the prime factors of 662596358.
2, 331298179
List the prime factors of 1231763008.
2, 7, 19, 144709
What are the prime factors of 1641115189?
7, 234445027
What are the prime factors of 36771076?
2, 619, 14851
List the prime factors of 121033810.
2, 5, 12103381
List the prime factors of 246364904.
2, 30795613
List the prime factors of 6828948775.
5, 11, 113, 219757
List the prime factors of 78087540.
2, 3, 5, 1301459
What are the prime factors of 3790547505?
3, 5, 7879, 10691
What are the prime factors of 259740114?
2, 3, 43290019
What are the prime factors of 2774165090?
2, 5, 277416509
What are the prime factors of 46631942?
2, 7, 29, 331, 347
What are the prime factors of 48064174?
2, 47, 317, 1613
List the prime factors of 2156205445.
5, 59, 7309171
What are the prime factors of 471439143?
3, 7, 43, 8287
What are the prime factors of 1064825026?
2, 383, 1390111
List the prime factors of 1472327331.
3, 490775777
What are the prime factors of 25054611?
3, 139, 60083
What are the prime factors of 8517136058?
2, 4258568029
List the prime factors of 392119300.
2, 5, 3921193
List the prime factors of 2153243018.
2, 17, 787, 80471
List the prime factors of 316180297.
17, 727, 25583
List the prime factors of 463264055.
5, 1693, 54727
List the prime factors of 58180278.
2, 3, 13, 181, 317
What are the prime factors of 12176059?
7, 191, 1301
List the prime factors of 4230999996.
2, 3, 352583333
List the prime factors of 1943395797.
3, 7, 31, 2985247
What are the prime factors of 3867893931?
3, 11, 117208907
List the prime factors of 1268932965.
3, 5, 839, 100829
List the prime factors of 63401493.
3, 21133831
List the prime factors of 55428238.
2, 27714119
List the prime factors of 405891008.
2, 6342047
List the prime factors of 66966771.
3, 29, 769733
List the prime factors of 28924361.
17, 1701433
List the prime factors of 640657201.
109, 311, 18899
What are the prime factors of 3620507875?
5, 3847, 7529
List the prime factors of 2808897675.
3, 5, 17, 2203057
What are the prime factors of 2928154296?
2, 3, 19, 107, 60013
What are the prime factors of 1559040083?
5077, 307079
List the prime factors of 774690819.
3, 7, 19, 73, 26597
List the prime factors of 2905918427.
61, 47638007
List the prime factors of 1314672453.
3, 19, 7688143
What are the prime factors of 250970167?
7, 17, 2108993
List the prime factors of 2749248051.
3, 11, 31, 67, 40111
List the prime factors of 4268111767.
41, 104100287
List the prime factors of 557266680.
2, 3, 5, 137, 11299
List the prime factors of 1399190357.
1399190357
List the prime factors of 219607011.
3, 13, 625661
What are the prime factors of 170951297?
11, 15541027
List the prime factors of 8026667.
11, 67, 10891
What are the prime factors of 2185785239?
11, 3851, 51599
What are the prime factors of 49626149?
49626149
What are the prime factors of 369820854?
2, 3, 13, 1580431
List the prime factors of 2099625118.
2, 1049812559
What are the prime factors of 1099512022?
2, 7, 103, 762491
List the prime factors of 106023539.
106023539
List the prime factors of 4376041225.
5, 175041649
What are the prime factors of 980424069?
3, 101, 3235723
What are the prime factors of 71200655?
5, 29, 491039
What are the prime factors of 258503457?
3, 499, 172681
What are the prime factors of 34612219?
97, 239, 1493
List the prime factors of 219129072.
2, 3, 4565189
What are the prime factors of 69443650?
2, 5, 1388873
List the prime factors of 239105870.
2, 5, 29, 431, 1913
List the prime factors of 2422822442.
2, 173, 7002377
List the prime factors of 8579487759.
3, 41, 69751933
What are the prime factors of 447259836?
2, 3, 1621, 22993
List the prime factors of 300690120.
2, 3, 5, 37, 67723
What are the prime factors of 1049528482?
2, 911, 576031
List the prime factors of 92913568.
2, 11, 17, 15527
What are the prime factors of 268620322?
2, 47, 2857663
List the prime factors of 201104853.
3, 73, 149, 6163
List the prime factors of 439180809.
3, 146393603
What are the prime factors of 2726602373?
11, 83, 2986421
List the prime factors of 177819369.
3, 7, 13, 313, 2081
List the prime factors of 300707280.
2, 3, 5, 417649
What are the prime factors of 1720127234?
2, 7, 4933, 24907
List the prime factors of 186200195.
5, 1061, 35099
What are the prime factors of 3446985548?
2, 19, 479, 94687
List the prime factors of 21851027.
11, 16417
What are the prime factors of 12597868?
2, 3149467
What are the prime factors of 2256366499?
941, 2397839
List the prime factors of 51247353.
3, 17082451
What are the prime factors of 1949973282?
2, 3, 29, 83, 45007
List the prime factors of 97211182.
2, 19, 2558189
What are the prime factors of 1414317752?
2, 907, 194917
What are the prime factors of 1668742024?
2, 208592753
List the prime factors of 549740312.
2, 11, 761, 8209
List the prime factors of 92901484.
2, 13, 139, 12853
What are the prime factors of 12909730?
2, 5, 97, 13309
What are the prime factors of 2072931166?
2, 23, 45063721
List the prime factors of 333915515.
5, 59, 1131917
List the prime factors of 16702621.
13, 41, 31337
List the prime factors of 340071388.
2, 971, 87557
List the prime factors of 4754113312.
2, 13, 879089
What are the prime factors of 1439450932?
2, 389, 925097
What are the prime factors of 66292928